44 and 319.
11
What is the highest common divisor of 16 and 184?
8
Calculate the highest common factor of 2449 and 124.
31
Calculate the greatest common factor of 204 and 1122.
102
Calculate the highest common factor of 708 and 12.
12
What is the highest common divisor of 6 and 9?
3
Calculate the highest common factor of 60 and 588.
12
What is the greatest common divisor of 5710 and 10?
10
Calculate the greatest common divisor of 135 and 90.
45
Calculate the greatest common factor of 1448 and 8.
8
What is the greatest common divisor of 6 and 138?
6
What is the greatest common factor of 1650 and 66?
66
What is the highest common factor of 1859 and 11?
11
Calculate the greatest common factor of 789 and 2104.
263
Calculate the greatest common divisor of 27 and 90.
9
What is the highest common divisor of 201 and 3?
3
What is the greatest common divisor of 399 and 1653?
57
Calculate the highest common divisor of 4 and 34.
2
What is the highest common factor of 472 and 8?
8
Calculate the highest common factor of 2108 and 34.
34
What is the greatest common factor of 2100 and 6900?
300
What is the highest common factor of 46 and 29969?
23
What is the greatest common divisor of 74 and 34558?
74
What is the greatest common factor of 364 and 28?
28
What is the highest common factor of 407 and 259?
37
Calculate the greatest common factor of 391 and 170.
17
What is the greatest common divisor of 80 and 64?
16
What is the highest common divisor of 813 and 12737?
271
Calculate the highest common factor of 10136 and 168.
56
What is the greatest common factor of 39416 and 52?
52
What is the greatest common divisor of 18 and 162?
18
Calculate the highest common divisor of 684 and 702.
18
Calculate the greatest common divisor of 99 and 7029.
99
Calculate the greatest common factor of 110 and 14190.
110
What is the greatest common factor of 1472 and 92?
92
What is the greatest common divisor of 51 and 34?
17
Calculate the greatest common factor of 3500 and 740.
20
What is the highest common factor of 5 and 2845?
5
What is the greatest common divisor of 270 and 1110?
30
Calculate the greatest common divisor of 20 and 940.
20
Calculate the highest common divisor of 50 and 570.
10
Calculate the greatest common factor of 243 and 9.
9
Calculate the greatest common divisor of 70 and 28.
14
Calculate the greatest common divisor of 154 and 4081.
77
What is the highest common factor of 602 and 1118?
86
What is the greatest common divisor of 1712 and 16?
16
Calculate the greatest common factor of 25 and 800.
25
What is the greatest common divisor of 16976 and 16?
16
What is the greatest common factor of 1428 and 24?
12
Calculate the greatest common divisor of 1102 and 116.
58
Calculate the greatest common divisor of 11 and 1.
1
Calculate the highest common divisor of 252 and 112.
28
Calculate the highest common factor of 1550 and 250.
50
Calculate the highest common factor of 84 and 63.
21
Calculate the highest common divisor of 116 and 1102.
58
What is the highest common divisor of 77 and 14?
7
Calculate the highest common factor of 1420 and 500.
20
What is the greatest common factor of 32 and 98?
2
What is the highest common divisor of 40 and 980?
20
What is the highest common divisor of 18820 and 40?
20
What is the highest common factor of 12 and 32?
4
Calculate the highest common factor of 45 and 126.
9
Calculate the highest common divisor of 6371 and 277.
277
What is the greatest common divisor of 1092 and 12?
12
What is the highest common divisor of 2472 and 192?
24
Calculate the highest common divisor of 1288 and 23.
23
Calculate the greatest common factor of 65 and 130.
65
What is the highest common divisor of 28 and 7504?
28
Calculate the highest common factor of 784 and 8.
8
Calculate the highest common factor of 369 and 451.
41
What is the highest common divisor of 24 and 582?
6
What is the greatest common divisor of 3933 and 1539?
171
Calculate the greatest common divisor of 116 and 124.
4
Calculate the greatest common divisor of 8 and 24.
8
What is the greatest common factor of 12228 and 12?
12
Calculate the highest common factor of 28 and 14.
14
Calculate the greatest common factor of 539 and 11.
11
Calculate the highest common factor of 140 and 3850.
70
What is the highest common divisor of 625 and 175?
25
What is the greatest common factor of 164 and 4?
4
Calculate the greatest common factor of 20 and 380.
20
Calculate the greatest common factor of 20 and 9110.
10
Calculate the highest common factor of 142 and 1917.
71
Calculate the greatest common factor of 1728 and 1024.
64
Calculate the highest common factor of 24 and 18.
6
What is the highest common divisor of 4776 and 72?
24
What is the greatest common factor of 9696 and 96?
96
What is the highest common factor of 47 and 1?
1
What is the highest common factor of 52 and 702?
26
What is the greatest common factor of 5833 and 38?
19
Calculate the highest common divisor of 266 and 114.
38
What is the greatest common divisor of 434 and 403?
31
Calculate the highest common factor of 176 and 48.
16
What is the highest common divisor of 435 and 348?
87
What is the greatest common factor of 134 and 2?
2
What is the highest common divisor of 777 and 555?
111
Calculate the greatest common factor of 11 and 8063.
11
Calculate the greatest common divisor of 56 and 5740.
28
Calculate the greatest common divisor of 3384 and 24.
24
Calculate the greatest common divisor of 1428 and 1326.
102
What is the greatest common divisor of 72 and 108?
36
Calculate the greatest common divisor of 69414 and 138.
138
Calculate the highest common factor of 2 and 66.
2
Calculate the greatest common factor of 77 and 133.
7
What is the greatest common divisor of 56 and 756?
28
What is the greatest common factor of 52 and 2964?
52
What is the highest common divisor of 24 and 1884?
12
Calculate the greatest common factor of 915 and 30.
15
Calculate the highest common divisor of 369 and 820.
41
Calculate the highest common factor of 36 and 288.
36
Calculate the greatest common divisor of 5 and 108.
1
What is the highest common factor of 63238 and 14?
14
What is the highest common factor of 483 and 69?
69
What is the highest common divisor of 2045 and 5?
5
Calculate the highest common divisor of 150 and 80.
10
Calculate the highest common divisor of 1904 and 2128.
112
Calculate the greatest common factor of 310 and 496.
62
Calculate the highest common factor of 325 and 1825.
25
What is the highest common factor of 16794 and 6?
6
Calculate the highest common factor of 453 and 9.
3
What is the highest common divisor of 6 and 2418?
6
Calculate the greatest common factor of 2 and 626.
2
Calculate the highest common factor of 11 and 31757.
11
What is the highest common divisor of 32 and 1?
1
What is the greatest common divisor of 84 and 70?
14
Calculate the greatest common factor of 8 and 4252.
4
Calculate the greatest common factor of 51 and 425.
17
What is the highest common factor of 10730 and 1450?
290
Calculate the highest common factor of 13 and 195.
13
Calculate the highest common divisor of 22 and 407.
11
Calculate the highest common factor of 1024 and 96.
32
Calculate the greatest common factor of 4633 and 82.
41
What is the highest common factor of 66 and 363?
33
What is the greatest common factor of 989 and 43?
43
Calculate the greatest common factor of 16317 and 105.
21
What is the highest common factor of 358 and 2?
2
What is the highest common divisor of 30 and 1590?
30
What is the highest common factor of 78 and 104?
26
What is the highest common factor of 48 and 1136?
16
What is the highest common factor of 568 and 1988?
284
What is the highest common factor of 3904 and 32?
32
Calculate the highest common factor of 58 and 725.
29
Calculate the highest common factor of 25511 and 97.
97
Calculate the highest common factor of 63 and 153.
9
Calculate the greatest common factor of 220 and 22.
22
What is the greatest common divisor of 9 and 11916?
9
Calculate the greatest common factor of 150 and 47850.
150
Calculate the highest common factor of 133 and 35.
7
Calculate the greatest common factor of 319 and 11.
11
Calculate the greatest common factor of 708 and 744.
12
What is the highest common factor of 749 and 7?
7
What is the gr